r when -1*33/(-15)*5 is divided by n?
4
Suppose 3 = 3*n - 9. Suppose -34 + n = -5*x. Suppose -x*f = f - 21. What is the remainder when 10 is divided by f?
1
Let f be (-536)/(-44) - 6/33. What is the remainder when (-2)/(0 + 1) + 7 is divided by (f/16)/(1/4)?
2
Let o be 5/(-15) - (-2)/6. Let y = 32 - 18. Let q = y + o. Calculate the remainder when 27 is divided by q.
13
Suppose 0 = -2*d + 6, 2*l = -3*l + 4*d - 2. Suppose -l*j = -3*j + 22. Calculate the remainder when 85 is divided by j.
19
What is the remainder when 1*-510*(-1)/2 is divided by 32?
31
Calculate the remainder when 40 is divided by (-2)/3*5544/(-176).
19
Let a = 712 - 693. What is the remainder when 132 is divided by a?
18
Let j = -445 - -542. Calculate the remainder when j is divided by 58.
39
Let c(s) = s**2 + s + 5. Suppose 4*p = -p. Let f = -14 + 23. What is the remainder when f is divided by c(p)?
4
Let b(p) = -p**2 + 2*p + 49. What is the remainder when 292 is divided by b(0)?
47
Suppose q + 48 = 4*q. Let y = 28 + -28. Suppose y = 5*l + 2*l - 329. What is the remainder when l is divided by q?
15
Let q(a) = -8*a + 3. Let u be 14 - 16 - (4 + 0). Let v be q(u). Calculate the remainder when -1 + (v/1 - 0) is divided by 26.
24
Suppose -4*d + 5 = -5*q + 20, 0 = 3*q + 3*d - 36. Calculate the remainder when (38 + 0)*(7 - 6) is divided by q.
3
Suppose 14 = -y + 6*b - 3*b, 5*y - 2*b = -5. What is the remainder when -15 + 14 - (-3 - (3 - 3)) is divided by y?
0
Let g(j) = -112 - 109 + 204 - 9*j. What is the remainder when g(-12) is divided by 23?
22
Suppose -249 = 13*z - 496. What is the remainder when 131 is divided by z?
17
Let u = 11 - 5. Let q(p) = -7*p + 18. Let g(c) = 4*c - 10. Let r(n) = -10*g(n) - 6*q(n). What is the remainder when 9 is divided by r(u)?
1
Suppose 7*q = 456 + 657. What is the remainder when q is divided by 32?
31
Let k(n) = n**3 + 9*n**2 - 11*n - 12. Let b be k(-10). Let r = -12 - b. Calculate the remainder when 49 is divided by r/6*-3*5.
24
Let u = -633 + 699. Calculate the remainder when u is divided by 25.
16
Let f = -86 - -65. Let m(i) = i + 47. What is the remainder when 74 is divided by m(f)?
22
What is the remainder when 455 is divided by (-1160)/5*(-19)/38?
107
Suppose -20*l + 24*l + 372 = 0. Let f = l + 104. What is the remainder when 43 is divided by f?
10
Let r = 28 - 24. Suppose 4*q - 85 = q + 2*t, r*t = -q + 5. What is the remainder when 122 is divided by q?
22
Let p(t) = 30*t - 151. What is the remainder when p(7) is divided by 4?
3
Suppose a - 3*j - 16 = 0, 29 + 7 = 2*a - 4*j. Suppose 0 = y + 2, 2*x - 5*y - a = 4*x. Let t = -4 - x. What is the remainder when 7 is divided by t?
1
Suppose 0 = -5*u + 9*u. Let v(s) = 1 + 2 + 2*s + 2*s**3 + 0 - s**2 - s**3. What is the remainder when 7 is divided by v(u)?
1
Let h(s) = -s**3 - 2*s**2 - 2*s + 2. Suppose -52 = -2*q + 54. Let m = 75 - q. Calculate the remainder when h(-4) is divided by m.
20
Suppose 144*a + 2352 = 168*a. What is the remainder when 184 is divided by a?
86
Suppose -q + 4*o + 176 = 0, -5*q + 312 = 4*o - 520. Calculate the remainder when q is divided by 22.
14
Let k(c) = c**2 - 2. Calculate the remainder when 1/(-1)*(0 + -31) + -3 is divided by k(-3).
0
Suppose -4*l - 3*x + 55 = -0*l, 0 = 2*l - 5*x - 47. What is the remainder when 77 is divided by l?
13
Suppose 7 = z - 8. Let i(m) = m**2 + 5*m - 9. Calculate the remainder when i(-10) is divided by z.
11
Suppose 802*i - 799*i - 57 = 0. What is the remainder when 45 is divided by i?
7
Let v = -33 + 94. Calculate the remainder when 364 is divided by v.
59
Let q(t) = 10*t - 42. Let m be q(5). Calculate the remainder when (1 + 1)/(-2)*-13 is divided by (-1*m)/(7 + -9).
1
Suppose 0 = -3*g - 164 + 215. Let y = -6 + 5. Calculate the remainder when (y - (-2)/(-4))*-44 is divided by g.
15
Let t be (1/3)/(2/30). Suppose -3 = 2*r - t*q - 20, 0 = 5*q - 25. Suppose 0 = 22*j - r*j - 7. Calculate the remainder when 13 is divided by j.
6
Suppose -4*w + 2049 = -0*w + 3*z, -516 = -w + 3*z. Calculate the remainder when w is divided by 48.
33
Suppose 3*u + 88 = -14*d + 19*d, -83 = -5*d - 2*u. What is the remainder when 51 is divided by d?
0
Let v(u) = -u**2 + 20*u - 34. What is the remainder when 44 is divided by v(17)?
10
Suppose 4*c - 187 = 1. What is the remainder when c is divided by 2?
1
Let u(v) = -v**3 - 7*v**2 + 6*v - 5. Let z be u(-8). Suppose -n - 2*c + z = -16, n - c - 18 = 0. Calculate the remainder when (-6)/4*(-1204)/n is divided by 22.
20
Let v be 3*(-3 + 16/4). Suppose -1 = w - v. Calculate the remainder when 6 is divided by w.
0
Suppose 0 = a - 0 - 3, -3*x + 36 = -4*a. Calculate the remainder when 2 is divided by (6/x)/(6/8)*2.
0
Let s(n) = n**3 - 20*n**2 - 19*n - 14. Calculate the remainder when 53 is divided by s(21).
25
Let g(b) = -9*b - 93. Let p(u) = 8*u + 1. Calculate the remainder when p(1) is divided by g(-11).
3
Let o be (-4)/(-3)*(-1 + 4). Suppose -c - 70 + 285 = 3*r, 0 = o*c - 3*r - 830. What is the remainder when c is divided by 42?
41
Suppose -39 = -v - 4*p + 37, v + 2*p - 76 = 0. What is the remainder when 303 is divided by v?
75
Suppose -141*j + 68 = -140*j. What is the remainder when 198 is divided by j?
62
Suppose -u - 3*p = p - 35, -2*p = -10. Suppose -2*d = 1 - 9. Suppose 158 = d*k - 62. Calculate the remainder when k is divided by u.
10
Suppose -2*a - 6*a = -32. Calculate the remainder when (a/(-6))/(2/(-177)) is divided by 21.
17
Suppose -671*r = -226*r - 13795. What is the remainder when r is divided by 2/(-3) - (-100)/6?
15
Suppose -4*f + 72 = 4*t, 0*f = 3*f - 5*t - 54. Calculate the remainder when 161 is divided by f.
17
Let b be 1 + 2/(-2) - 1. Calculate the remainder when 30/3 + b + 2 is divided by (155/62)/((-2)/(-4)).
1
Suppose -73*y + 2913 + 7 = 0. What is the remainder when 59 is divided by y?
19
Suppose 45*v = -43*v + 3080. Let j(o) = o + 5. Let c be j(0). Suppose 5*t - l + 17 = 80, c*l - 9 = -2*t. Calculate the remainder when v is divided by t.
11
Let i = -1078 + 1082. Suppose -s - 3*s + 94 = -3*p, 3*s - 83 = -4*p. Suppose i*a - s = 5*o, a + 7 = 2*a - o. Calculate the remainder when a is divided by 6.
4
Let i(g) = g**3 - g**2 - 2. Calculate the remainder when 271 is divided by i(3).
15
Let i(v) = 3*v + 14. Let m = -28 - -43. Calculate the remainder when i(5) is divided by m.
14
Let o(u) = 2*u**2 - 2*u + 30. Calculate the remainder when (-4 - -1)/((-6)/248) is divided by o(3).
40
Let v = 6 + -8. Let x = 16 + v. Let a = 24 + -16. What is the remainder when x is divided by a?
6
Let g = 692 - 639. Calculate the remainder when g is divided by 1.
0
Suppose 0 = 3*b + m - 44, 0 = -4*b + 4*m + 50 - 2. Suppose k + 45 = 5*v - k, v - 5*k = -b. Let l = -47 + 50. Calculate the remainder when v is divided by l.
2
Suppose 0 = -2*u - j + 112, 5*j + 194 = 6*u - 3*u. What is the remainder when u is divided by 31?
27
Let n = -60 + 22. Let x = n - 55. What is the remainder when -1 - (x - 4 - 4) is divided by 34?
32
What is the remainder when (-1)/(2/3)*(-13 + -189) is divided by 51?
48
Let k(b) = b**3 - 6*b**2 + 5. Suppose 26*r - 22*r = -z + 30, 25 = 5*z - 5*r. What is the remainder when z is divided by k(6)?
0
Let a(z) be the second derivative of -z**3/3 - 25*z**2/2 + 12*z. What is the remainder when 64 is divided by a(-19)?
12
Let h = 169 + -155. What is the remainder when 109 is divided by h?
11
Suppose 0 = 2*x - i - 6 + 3, -4 = 4*i. Suppose -2*h = x - 7. Let d = 3 - -1. What is the remainder when d is divided by h?
1
Let a = -74 + 146. Let p(x) = 3*x**3 - x**2 + 1. What is the remainder when (-2)/9 - (-4408)/a is divided by p(2)?
19
Calculate the remainder when 37 is divided by ((24/4)/2)/(6/28).
9
Let x(i) = i**3 + 4*i**2 - i. Suppose -27*q + 25*q - 6 = 0. What is the remainder when (q/(6/(-8)))/((-3)/(-33)) is divided by x(-3)?
8
Let g(d) = d**3 + d**2 - d + 32. Suppose -2*h + 66 = -4*q, h - 51 = q - 5*q. Suppose -171 = -12*m - h. What is the remainder when g(0) is divided by m?
10
Let f be 0 + (15*-6)/2. Let z = -20 - f. Suppose -a - 13 = -2*a. What is the remainder when z is divided by a?
12
Suppose 0 = 7*a - 18*a - 11. Let k = 22 - a. Calculate the remainder when 43 is divided by k.
20
Let y be (-18)/3*(93/(-9) + 1). Suppose -22*z + 24*z = y. Calculate the remainder when z is divided by 18.
10
Suppose 5*c + 834 = 11*b - 9*b